{"id":1033,"date":"2021-06-04T20:05:17","date_gmt":"2021-06-04T18:05:17","guid":{"rendered":"https:\/\/nilsongs.dyndns.biz:40448\/?page_id=1033"},"modified":"2021-06-05T18:31:38","modified_gmt":"2021-06-05T16:31:38","slug":"famous-guards-2","status":"publish","type":"page","link":"https:\/\/nilsongs.dyndns.info\/?page_id=1033","title":{"rendered":"Famous Guards"},"content":{"rendered":"<h4>Coverprojekt med Rolf Dahlstr\u00f6m 2013-2019<\/h4>\r\n<table style=\"border: none;\">\r\n<tbody>\r\n<tr>\r\n<td style=\"border: none;\"><a href=\"Nilsongs\/FamGuard\/Walk dont run.mp3\">Walk don&#8217;t run<\/a><\/td>\r\n<td style=\"border: none;\"><a href=\"Nilsongs\/FamGuard\/Something Stupid.mp3\"> Something Stupid<\/a><\/td>\r\n<\/tr>\r\n<tr>\r\n<td style=\"border: none;\"><a href=\"Nilsongs\/FamGuard\/Min Alskling.mp3\">Min \u00e4lskling du \u00e4r som en ros<\/a><\/td>\r\n<td style=\"border: none;\"><a href=\"Nilsongs\/FamGuard\/Apache.mp3\"> Apache<\/a><\/td>\r\n<\/tr>\r\n<tr>\r\n<td style=\"border: none;\"><a href=\"Nilsongs\/FamGuard\/Last Date 5.mp3\">Last date (Rolfmix)<\/a><\/td>\r\n<td style=\"border: none;\"><a href=\"Nilsongs\/FamGuard\/Wandering_star.mp3\"> Wandering Star<\/a><\/td>\r\n<\/tr>\r\n<tr>\r\n<td style=\"border: none;\"><a href=\"Nilsongs\/FamGuard\/Last Date 6.mp3\"> Last date (Hassemix)<\/a><\/td>\r\n<td style=\"border: none;\"><a href=\"Nilsongs\/FamGuard\/I cant give you.mp3\">I can&#8217;t give you anything but love<\/a><\/td>\r\n<\/tr>\r\n<tr>\r\n<td style=\"border: none;\"><a href=\"Nilsongs\/FamGuard\/Wheels.mp3\"> Wheels<\/a><\/td>\r\n<td style=\"border: none;\"><a href=\"Nilsongs\/FamGuard\/Bye Bye Blues.mp3\">Bye bye blues<\/a><\/td>\r\n<\/tr>\r\n<tr>\r\n<td style=\"border: none;\"><a href=\"Nilsongs\/waterpump - 2019-05-12 19.00.mp3\"> Waterpump<\/a><\/td>\r\n<td style=\"border: none;\"><\/td>\r\n<\/tr>\r\n<\/table>\r\n<table style=\"border: none;\">\r\n<tr>\r\n<td style=\"border: none;\"><center><img loading=\"lazy\" decoding=\"async\" src=\"https:\/\/nilsongs.dyndns.biz:40448\/wp-content\/uploads\/2020\/05\/IMG_0766-300x225.jpg\" alt=\"\" width=\"300\" height=\"225\" class=\"alignnone size-medium wp-image-945\"<\/center srcset=\"https:\/\/nilsongs.dyndns.info\/wp-content\/uploads\/2020\/05\/IMG_0766-300x225.jpg 300w, https:\/\/nilsongs.dyndns.info\/wp-content\/uploads\/2020\/05\/IMG_0766-600x450.jpg 600w, https:\/\/nilsongs.dyndns.info\/wp-content\/uploads\/2020\/05\/IMG_0766-1024x768.jpg 1024w, https:\/\/nilsongs.dyndns.info\/wp-content\/uploads\/2020\/05\/IMG_0766-768x576.jpg 768w, https:\/\/nilsongs.dyndns.info\/wp-content\/uploads\/2020\/05\/IMG_0766-1536x1152.jpg 1536w, https:\/\/nilsongs.dyndns.info\/wp-content\/uploads\/2020\/05\/IMG_0766-2048x1536.jpg 2048w\" sizes=\"auto, (max-width: 300px) 100vw, 300px\" \/><\/a><\/td>\r\n<\/tr>\r\n<\/table>\r\n<\/tbody>\r\n<!-- \/wp:post-content -->","protected":false},"excerpt":{"rendered":"<p>Coverprojekt med Rolf Dahlstr\u00f6m 2013-2019 Walk don&#8217;t run Something Stupid Min \u00e4lskling du \u00e4r som en ros Apache Last date (Rolfmix) Wandering Star Last date (Hassemix) I can&#8217;t give you &#8230;<\/p>\n","protected":false},"author":1,"featured_media":0,"parent":0,"menu_order":0,"comment_status":"closed","ping_status":"closed","template":"","meta":{"_monsterinsights_skip_tracking":false,"_monsterinsights_sitenote_active":false,"_monsterinsights_sitenote_note":"","_monsterinsights_sitenote_category":0,"footnotes":""},"class_list":["post-1033","page","type-page","status-publish","hentry"],"_links":{"self":[{"href":"https:\/\/nilsongs.dyndns.info\/index.php?rest_route=\/wp\/v2\/pages\/1033","targetHints":{"allow":["GET"]}}],"collection":[{"href":"https:\/\/nilsongs.dyndns.info\/index.php?rest_route=\/wp\/v2\/pages"}],"about":[{"href":"https:\/\/nilsongs.dyndns.info\/index.php?rest_route=\/wp\/v2\/types\/page"}],"author":[{"embeddable":true,"href":"https:\/\/nilsongs.dyndns.info\/index.php?rest_route=\/wp\/v2\/users\/1"}],"replies":[{"embeddable":true,"href":"https:\/\/nilsongs.dyndns.info\/index.php?rest_route=%2Fwp%2Fv2%2Fcomments&post=1033"}],"version-history":[{"count":3,"href":"https:\/\/nilsongs.dyndns.info\/index.php?rest_route=\/wp\/v2\/pages\/1033\/revisions"}],"predecessor-version":[{"id":1063,"href":"https:\/\/nilsongs.dyndns.info\/index.php?rest_route=\/wp\/v2\/pages\/1033\/revisions\/1063"}],"wp:attachment":[{"href":"https:\/\/nilsongs.dyndns.info\/index.php?rest_route=%2Fwp%2Fv2%2Fmedia&parent=1033"}],"curies":[{"name":"wp","href":"https:\/\/api.w.org\/{rel}","templated":true}]}}